of g?
4
Suppose -3*z = -8*z + 60. Suppose -4*w - z = -6*w. What is the units digit of w?
6
Let j be (5 - -13)*6/4. Let f = j - 12. What is the tens digit of f?
1
Let z be 0 - 2*3/6. Let o be -2*(1/z - 0). Suppose -o*k = 2*k - 4. What is the units digit of k?
1
Suppose 5*s - 60 = -z, -3*s + 31 = -z - 5. What is the units digit of s/(-10)*(-200)/15?
6
Suppose -3*f + 2*i = 0, 0 = 2*f + i + 4 + 3. What is the units digit of (f/1)/(-2 - 0)?
1
Let c(s) = s. Let r be c(6). Suppose p + 4*a = 6, 0 = -p - r*a + a + 7. Suppose -p*m + 0 = -4. What is the units digit of m?
2
Suppose -2*f = 2*f - 12. Let c(j) = 4*j + 1 - 5*j**2 + 2 + 2*j - j**f. What is the units digit of c(-6)?
3
Let s = 18 + -13. Suppose j = s*o - 15, -3*j + 3*o - 10 = 11. Let d = 14 + j. What is the units digit of d?
9
Let g(i) = 3*i**2 - i. Suppose -5*l + 6 = -2*l. What is the units digit of g(l)?
0
Let d(l) = -6*l**2 + 2*l - 3*l + 2*l**2 - 2. Let b(y) = 9*y**2 + 2*y + 5. Let x(i) = 3*b(i) + 7*d(i). What is the units digit of x(0)?
1
Let w(l) be the second derivative of -l**5/5 - l**4/6 - l**3/3 - 3*l**2/2 + 3*l. What is the units digit of w(-2)?
5
Let h be -5 - (-2 - -3)*0. Let l(a) be the third derivative of -a**4/24 - 2*a**3/3 + a**2. What is the units digit of l(h)?
1
Let l = -256 + 451. Suppose 0 = 2*p - 6, -l = -5*q - 3*p - 2*p. What is the units digit of q?
6
Suppose 15 + 1 = 2*t. Suppose -t*a = -6*a - 40. What is the units digit of a?
0
Let u(h) = h**2 + 4*h. Let m be u(-3). Let l be (2 + m/1)*-3. Suppose -l*n + 2 = -4*x, -2*n + 14 = 3*n - 4*x. What is the units digit of n?
6
Suppose -b + 5*b = a + 20, -4*b + 28 = a. Let t(v) = v - 2. Let o be t(b). Suppose 21 - 5 = o*x. What is the units digit of x?
4
Let x be 0 - 1/((-4)/(-8)). Let h(p) = 11*p**2 + 4*p + 2. What is the tens digit of h(x)?
3
Let w be (-3 - -1)/(-2) + 0. Suppose k = -u + w, 4*k = -2*u + 3 - 1. What is the units digit of u?
1
Let k = 40 - 9. What is the tens digit of k?
3
Let r be (-2 + 2)*3/6. Suppose o - 3*y - 6 = r, y + 4 = -y. Let z = o + 2. What is the units digit of z?
2
Let l = 25 + -10. What is the tens digit of l?
1
Suppose 6*z - 2*z - 120 = 0. What is the units digit of z?
0
Let g = -155 - -161. What is the units digit of g?
6
What is the units digit of ((-4)/(-4))/(1/43)?
3
Suppose -w = 5*t - 23, -5*w - 2*t = -3*t - 141. What is the units digit of (-10 + 4)*w/(-6)?
8
Let b(c) = -c**2 + c + 3. Let q be b(0). Let l = 2 - 4. Let k = l + q. What is the units digit of k?
1
Let h(u) = -u**2 - 10*u - 8. Let a be h(-9). Suppose -w = -0 - a. What is the units digit of w?
1
Let x(f) = f + 6. Let c be x(-6). Suppose c*l - 4 = l. Let j = -2 - l. What is the units digit of j?
2
What is the units digit of (-4)/16 - (-658)/8?
2
Let f(j) = j. Let u(r) = r**2 - 4*r + 1. Let n(q) = 6*f(q) + u(q). What is the units digit of n(2)?
9
Suppose -4*o = -3*r + 230 - 28, 0 = -2*o + 4. Suppose 2*n - r = -3*n. What is the tens digit of n?
1
Let j = 0 + 29. What is the tens digit of j?
2
Let j = 36 - 29. Let o be (15/12)/((-1)/4). Let i = j + o. What is the units digit of i?
2
Suppose -2*b = -3 - 3. Let k be (-2)/(-12)*b*2. Let o = 3 + k. What is the units digit of o?
4
Suppose 144 = g - 22. What is the units digit of g?
6
Let i(m) = 2*m - 7. Let x be i(5). Suppose -5*s - 8 = -x. What is the tens digit of (-1*12*1)/s?
1
Let i = -12 - -63. What is the units digit of i?
1
Let r(l) = -l**2 - 5*l - 4. Let t be r(-3). Suppose 36 = -0*s + t*s. What is the tens digit of s?
1
Suppose -3*l = -8*l + 25. Let r be 30/25 + (-1)/l. Suppose 0 = 4*s - r - 27. What is the units digit of s?
7
Let h = 20 + 1. Let q be h/(-12) - 1/4. Let t = q - -3. What is the units digit of t?
1
Let t(v) = 2*v**2 - 5*v - 5. Let y(j) = 3*j**2 - 7*j - 7. Let b(n) = -7*t(n) + 5*y(n). Let d be b(1). Suppose -5*m + d = -24. What is the units digit of m?
5
Let n(w) = w**3 + 4*w**2 + 3*w + 1. Let d be n(-2). Suppose 5*v - 17 - d = 0. Let i = 9 - v. What is the units digit of i?
5
Suppose 3*m + 5 + 25 = 0. Let p = 20 + m. What is the tens digit of p?
1
Suppose 8*b = 3*b + 80. What is the units digit of b?
6
Let n(p) = p**2 + p - 3. Let z be n(-3). Suppose -2*x = -z*x + 2. What is the units digit of x?
2
Let k be 31*-1 + 3 + 0. Let a = 43 + k. What is the units digit of a?
5
Let w be (-3)/(1 - -2)*3. Let r be ((-3)/2)/(w/30). Suppose r = 2*x - 3*a, -4*x - a + 41 = 4*a. What is the units digit of x?
9
Let x(u) = -u**2 + 8*u + 1. Let f be x(8). Let r = f + -3. What is the tens digit of r/((-6)/33 + 0)?
1
Let y(b) = -b**2 - 4*b - 3. Let o be y(-4). Let m be 2 + 1*12/o. What is the tens digit of 2/(-4) + (-33)/m?
1
Suppose 0 = -2*r - l + 12, -l + 32 = 5*r + 2*l. Suppose -j - r*z - 2 = j, 0 = -j + 5*z + 6. What is the units digit of j?
1
Let j be (3 + -3 + 1)*5. Let d be (8/2)/(j/10). Suppose 0*k - d = -k. What is the units digit of k?
8
Suppose -16 = -5*i + i. Suppose 9*f - i*f = 60. What is the units digit of f?
2
Let f be (-2 - (3 - 0)) + -1. What is the units digit of -10*(2 + 1)/f?
5
Let q(v) = v**2 - 3*v + 5. Let p be q(4). Let u = p - 16. Let t(i) = i**3 + 8*i**2 + 8*i + 9. What is the units digit of t(u)?
2
Let m be 0/(1/2*6). Suppose 0 = x - m*x - 22. What is the units digit of x?
2
Suppose -4*y = -3*y + 4. Let q(x) = x**3 + 10*x**2 + x + 7. Let p be q(-10). What is the units digit of ((-2)/p)/(y/(-78))?
3
Let a(n) = n - 5. Let d be a(8). Suppose -4*t + 6 = -d*t. Suppose -z + 4*j = -16, -j - t - 20 = -3*z. What is the units digit of z?
8
Let y = -6 - -13. Suppose -36 = -y*t + 3*t. What is the units digit of t?
9
Let p = 115 - 32. What is the tens digit of p?
8
Let r be (100/(-16))/((-1)/(-8)). Let k = -22 - r. What is the tens digit of k?
2
Let j = 355 + -117. What is the units digit of j?
8
Let i(t) = t**2 - t - 1. What is the units digit of i(-6)?
1
Suppose -5*f + f = -480. Let x = -86 + f. What is the tens digit of x?
3
Suppose -h - 4*w = -9, 2*h - 14 + 4 = -4*w. Let s = 1 + h. What is the units digit of ((-1)/(-1) + s)*1?
3
Suppose -90 = -3*b + 3*s, -b - 30 = -2*b + 4*s. Suppose q = 4*q - b. What is the tens digit of q?
1
Let g = -2 - -2. Suppose 0 = 4*x + 5*m - 13, -2*x + 2*m + 2 = -g. Suppose -d + 5 = x. What is the units digit of d?
3
Let d be (-3)/(-9) - 22/3. Let a be 2/d + (-32)/(-14). Suppose -f - 6 = -5*n, n = a*f + 2*n - 10. What is the units digit of f?
4
What is the tens digit of 4 + -4 + 1 + 10?
1
Suppose 0 = -3*j + 46 + 92. What is the units digit of j?
6
Let r = 149 + -87. What is the units digit of r?
2
Suppose 3*s - 129 - 486 = 5*j, -410 = -2*s + 4*j. What is the units digit of s?
5
Let k be ((-32)/(-10))/(13/(-65)). Let v = -13 + 40. Let y = k + v. What is the units digit of y?
1
Let s(c) = -11*c**3 - 16*c**2 - 20*c + 35. Let y(l) = -5*l**3 - 8*l**2 - 10*l + 17. Let j(h) = -6*s(h) + 13*y(h). What is the units digit of j(9)?
2
Let h be (-28)/(-70) - 513/(-5). Suppose l - 5*l - 5*d + h = 0, -l + 19 = -d. What is the units digit of l?
2
Let n(w) = -w**3 - 4*w**2 + 5*w + 5. Let z be n(-5). Suppose 0*l - 10 = -z*l. Suppose -l*h - 36 = -6*h. What is the units digit of h?
9
Suppose -33*a + 29*a = -724. What is the tens digit of a?
8
Suppose 0 = -m - 0*m + 4. Suppose -m*g + 24 = -28. What is the units digit of g?
3
Let j(h) = 2*h**2 - 13*h + 3. Let q be j(6). What is the units digit of 9 - 0*1/q?
9
Let b(w) = w**2 + 2*w + 1. Let m be b(-1). Suppose m = -2*x + r + 18 - 1, -20 = -5*x - 2*r. Suppose -2*y - x = -3*y. What is the units digit of y?
6
Let v = -17 + -16. What is the units digit of (-484)/v + 1/3?
5
Let l(v) = -6*v - 7. Let k be l(-2). Let b = k + 18. What is the units digit of b?
3
Suppose 0 = 4*l - 23 - 17. Suppose -l*f + 8*f + 32 = 0. What is the units digit of f?
6
Suppose -d + 16 = 4*z, -4*z - 2*d = 12 - 28. Suppose -4*j = -z*u + 8, -4*j + 4*u - 7 = -j. What is the units digit of 1 + (0 - (j - 1))?
3
Let o(t) = 16*t + 9*t**2 + 12*t**2 + 1 - 4*t**2 + t**3 + 14. What is the tens digit of o(-16)?
1
Suppose -5*y + 17 = -13. Suppose 3*i = 24 + y. What is the units digit of i?
0
Let u = -84 - -130. What is the tens digit of u?
4
Let b = -68 + 249. What is the units digit of b?
1
Let d(y) = -y - 5. Let g be d(-9). Suppose 3*r - 23 = -4*v + 50, -3*v = g*r - 53. What is the units digit of v?
9
What is the units digit of 35 - 2/3*-6?
9
Let c(t) = -t*